 3*o. Let w(u) = -5 - 3*u**2 + 3*u**2 + 1 + u**o. List the prime factors of w(-4).
2, 3
Let p = 8 - 1. Let u(a) = 3*a + 45. Let n be u(29). Suppose -p*l + n = -5*l. What are the prime factors of l?
2, 3, 11
Let c be 7/(28/(-8)) - -2. Suppose -5*o + c = -15. Suppose 10 = 2*n + o*n. What are the prime factors of n?
2
Let g = 372 + -210. List the prime factors of g.
2, 3
Let b be 58/348 + (46/(-12))/(-1). Suppose 141 + 515 = b*a. List the prime factors of a.
2, 41
Let h(w) = w**2 + 18*w + 8. Let l be h(-18). List the prime factors of 1153/5 - l/(-20).
3, 7, 11
Suppose 403 = 13*a - 442. Let l = 11 - 6. Suppose -2*u - l*i = -4*u + a, i = -3*u + 72. List the prime factors of u.
5
Let x(n) = -2*n**3 - 8*n**2 - 28*n + 20. List the prime factors of x(-10).
2, 3, 5
Let z(n) = -4 - 114*n**3 + 43*n**3 - 119*n**3 + 5. What are the prime factors of z(-1)?
191
Let q(c) = c**3 + c**2 + 2*c + 1. Let f be q(-1). Let h = f - -110. What are the prime factors of h?
109
Let n(z) = 17*z**2 + 335*z - 15. List the prime factors of n(-28).
3, 19, 23
What are the prime factors of 1 - 2 - (-315 - (-2 + 4))?
2, 79
Let t(h) = 2*h**2 + 25*h + 11. Let z be t(11). Suppose 6*b = -210 + z. List the prime factors of b.
53
Suppose 2*r + 4*z - 780 = 0, r + z - 301 = 84. Suppose 510 = 5*l - r. Let w = l - 121. List the prime factors of w.
3, 19
Suppose 5*h - 8521 = -3*s, 14227 = 6*s - s + 2*h. What are the prime factors of s?
3, 13, 73
Let n = 29 + -35. Let p be (-342)/(-30) + n/(-10). List the prime factors of ((-86)/3)/((-8)/p).
43
Let o be 189/39 + (-12)/(-78). Suppose -r + 6 = j + j, -o*r = -3*j + 22. What are the prime factors of (3/r)/(3/(-124))?
2, 31
Let n = 27 - 7. Let l(o) = 3*o + 105. Let b be l(-30). What are the prime factors of 8/n + 39/b?
3
Let w = -56 + 30. Let k be w/(-10) + (-6)/(-15). Suppose -2*b - 2*l = -40, k*l - 2 = 5*l. List the prime factors of b.
3, 7
Let f = 515 + -268. List the prime factors of f.
13, 19
Let p(m) = m**3 + 16*m**2 - 14. Let y be p(-16). Let i = 16 + y. Suppose 0*u + i*u - 6 = 0, u = 2*j - 33. List the prime factors of j.
2, 3
Suppose 1981 = 2*o + 4*b - b, 4*b = -12. List the prime factors of o.
5, 199
Suppose -r = -0*c + 3*c + 81, 3*c = r + 87. Let p = r - -198. List the prime factors of p.
2, 3, 19
What are the prime factors of 3393*1*(-5 + 80/12)?
3, 5, 13, 29
Let s = -156 + 162. Suppose 1910 = s*a + 146. What are the prime factors of a?
2, 3, 7
Let v(a) = a**3 - 3*a**2 - 4*a + 4. Suppose -11 = -4*w + 5. Let f be v(w). Suppose 2*g - n = f - 0, 3*n = -g + 16. What are the prime factors of g?
2
Let i be 64/12 - 4/(-6). What are the prime factors of 36 - (3 + i*-1)?
3, 13
Suppose -4*g = -3*k + 5745, k - 25*g - 1907 = -21*g. What are the prime factors of k?
19, 101
What are the prime factors of (-90)/10 + 14 - -139?
2, 3
Let x = -1950 - -3743. What are the prime factors of x?
11, 163
Suppose -2*a - 120 = a. List the prime factors of 5/(a/88)*-1*11.
11
Let y(w) = 4*w - 4. Let a be y(3). Suppose 3*c - 3*q - 123 = 0, -a*q + 4*q - 38 = -c. What are the prime factors of c?
2, 3, 7
Suppose 16*g - 19179 = 7237. List the prime factors of g.
13, 127
Let h be ((-81)/(-3))/(-3) + 2. Let f be 28/h + (7 - -2). Suppose f*x = 84 + 1. List the prime factors of x.
17
Let i = 1383 + 3560. List the prime factors of i.
4943
Suppose -6 = -4*i - 10. List the prime factors of 4 + i - (-1 + -7).
11
Let s = -13 - 2. Let g be s/5 + 2 - -12. Suppose -7*h - g = -214. What are the prime factors of h?
29
Suppose 3*v = -i - i, -5*i = v. Let p = 2 + i. Suppose p*f + 27 = b + 3*f, -2*f + 10 = 0. What are the prime factors of b?
2, 11
Suppose -2*s = -2*u + 108 + 90, -3*u + 301 = -4*s. Suppose 0 = -3*w - 2*w + u. Let v = w - 10. What are the prime factors of v?
3
Let o = 389 - 348. What are the prime factors of o?
41
Let h = -60 - -231. Let f = -73 + h. What are the prime factors of f?
2, 7
Let m be 2/(-2)*(-22 - -20). Suppose 16 = 4*n + d, 0*d - 2*d + 8 = m*n. Suppose 5*j - s = -0*s + 39, n*j = 2*s + 36. List the prime factors of j.
7
Suppose -10*f + 2430 = 660. Suppose f*t = 179*t - 400. What are the prime factors of t?
2, 5
Let h = 34 + -34. Suppose -5*m + 71 + 99 = h. What are the prime factors of m?
2, 17
Let n(v) = 100*v**3 + 5*v**2 - 7*v + 8. List the prime factors of n(2).
2, 11, 37
Suppose 5 = 3*a + 23. Let m be (-44)/a*(-30)/(-5). Let j = m + -29. List the prime factors of j.
3, 5
Let x = -108 - -106. Let q(b) = -25*b + 7*b - 2*b - 12*b + 4. List the prime factors of q(x).
2, 17
Suppose -y + 6 = s, 9 = -5*y + 4*y - 4*s. Suppose -h = y - 16. Suppose h*z - 165 = 10. What are the prime factors of z?
5, 7
Let d(a) = 43*a**2 - 23*a + 129. What are the prime factors of d(6)?
3, 19
Let u(x) = -2*x**3 - 6*x**2 + 5*x - 6. Let h(c) = c**2 + 10*c + 4. Let w be h(-9). List the prime factors of u(w).
3, 23
Suppose 0*v = 5*v - 2*v. What are the prime factors of (v - (-177)/3) + (-1 - -4)?
2, 31
Let u(n) = -10*n + 3 - 8 + 24*n - 12*n. Suppose -2*k - 36 = -5*k. What are the prime factors of u(k)?
19
Let b = -1160 - -1484. List the prime factors of b.
2, 3
List the prime factors of 46/(-23) + 1/(1/1425).
1423
What are the prime factors of (-788)/8*(-5)/(-10)*-28?
7, 197
Let t(n) = 8*n**3 - 2*n**2 + n + 3. Let c be t(2). Suppose -s = 5*r - 237, -2*r = 3*s - c - 26. What are the prime factors of r?
2, 3
Suppose 4*y + 0*y - 44 = 0. Let q = -32 + 173. Suppose 14*h - y*h = q. What are the prime factors of h?
47
Let m be 0/(-2 - (2 - 3)). Suppose m*t - 2*t + 6 = 0. Suppose -t*f = -2*f - 28. List the prime factors of f.
2, 7
What are the prime factors of 752 + 2 - (14 - 8)?
2, 11, 17
Let u be (-6 - -1) + 4 - -183. Suppose -89 = -f - 4*r, 3*f - 3*r - u = 2*r. List the prime factors of f.
3, 23
Let s be (-2)/(-2)*(-21)/(-9)*3. Suppose -s*z + 382 = -3*z + c, 0 = 2*z - c - 188. What are the prime factors of z?
5, 19
Let n(k) = 9*k**2 + 40*k - 18. What are the prime factors of n(-10)?
2, 241
Suppose -2*u = 5*w - 10, 1 = u - 3*w - 4. Suppose 2*m - 80 = -5*q, 0 = 7*q - u*q + m - 33. What are the prime factors of q?
2, 7
Suppose 4*m = -2*f + 2*m + 20, -2*m = -3*f + 25. Suppose -439 - 839 = -f*y. List the prime factors of y.
2, 71
List the prime factors of 16/2*40 - 4 - -3.
11, 29
Suppose 3*v + 3*l = -3558, 3*v - 5*l + 2302 = -1256. What are the prime factors of v/(-11) + 2 + 10/55?
2, 5, 11
Let t(h) = -6*h - 5. Let n(l) = -l + 5. Let p be n(2). Let b be t(p). Let a = 67 + b. List the prime factors of a.
2, 11
Let p(n) = -n**3 + 36*n**2 + 56*n + 64. What are the prime factors of p(37)?
13, 59
Suppose -4*p + 146 = 3*a, -4*p + 3*a + 158 = -0*a. Let l = -18 + p. What are the prime factors of (-76)/(-5) + (-4)/l?
3, 5
Let z = -200 + 468. Suppose -957 - z = -5*r. What are the prime factors of r?
5, 7
Let g be ((-52)/(-20) - 3)*-5. Let h be g + -2 - -2 - -8. List the prime factors of 43 + 0 - (8 - h).
3, 5
Suppose -4*m - 5*j + 6748 = 0, 4*j + 2407 = -2*m + 5781. List the prime factors of m.
7, 241
List the prime factors of 4097/6 + 45/270.
683
Let q(p) = -28*p - 141. List the prime factors of q(-19).
17, 23
Let t be -21 - (-6)/((-12)/8*1). What are the prime factors of 0 + (-580)/t + (-2)/10?
23
Suppose -44*g + 32*g = -3576. What are the prime factors of g?
2, 149
Let a(s) be the first derivative of 20*s**3/3 - s**2/2 - 5*s - 4. What are the prime factors of a(-2)?
7, 11
Let g(d) = 29*d + 144. What are the prime factors of g(-4)?
2, 7
Suppose 10*p - 1588 = 6*p + 2*n, 2*p - 778 = -3*n. What are the prime factors of p?
5, 79
List the prime factors of (-112640)/(-192) + 4/(-6).
2, 293
Let x(u) = u**2 - u - 3. Let p be x(4). Suppose -2*q + p = -67. List the prime factors of q.
2, 19
Let z = -24 + 26. Suppose 2*x + 2*b = -2*b, -3*x - z = 5*b. List the prime factors of 13 - (-1)/(3 + x).
2, 3
Let a(q) = 2*q - 33. Let m(k) = 2*k - 33. Let s(p) = 2*a(p) - 3*m(p). Let w(y) = -y + 14. Let j be w(14). List the prime factors of s(j).
3, 11
Let o(d) = 2*d**3 + 8*d**2 - 5*d + 13. List the prime factors of o(6).
19, 37
Let a(u) be the third derivative of -u**6/120 - 2*u**5/15 - 3*u**4/8 - u**3/2 + u**2. Let s be a(-6). List the prime factors of (-3 + s)*2/(-4).
2, 3
Let a(n) be the first derivative of -n**4/4 + 2*n**3/3 + 2*n**2 - 5*n + 2. Let p be a(4). Let w = 16 - p. List the prime factors of w.
37
Suppose -t 